 + 8. Suppose -5*v + 4*r + 186 = 0, -h*v = r - 102 + 25. Calculate the greatest common divisor of v and 19.
19
Let b be 1 + -2 + -2 + 174. What is the greatest common factor of 19 and b?
19
Let z(q) = 2*q**2 + 38*q - 18. Let t be z(-28). Let r = -346 + t. Calculate the highest common factor of 20 and r.
20
Let r(t) = t + 17. Let q be r(-17). Suppose -2*w = -4*x, w + q = 3*x - 3. What is the highest common factor of 6 and w?
6
Let s = 82 - 39. Let p = -23 + s. Let x be 120/(-2)*2/(-3). What is the highest common factor of p and x?
20
Let o be 15/(-2)*2/(-3). Suppose -2*j + 3*j + 5*h - 4 = 0, -3*h + 16 = 4*j. Let f be -8*j/(-8) + 31. What is the greatest common divisor of o and f?
5
Let u be 6/9 - 868/(-21). Calculate the greatest common factor of 63 and u.
21
Let g(l) = -l**2 - 16*l - 29. Let a be g(-10). Suppose -3*n = 2*i - 376, -2*i = -5*n - 6*i + 628. What is the greatest common divisor of n and a?
31
Let x = -909 - -1013. What is the highest common factor of 136 and x?
8
Suppose q - f + 110 = 6*q, 0 = -2*f. Suppose a + 15 = 70. What is the highest common factor of a and q?
11
Let r = -1 + 52. Let q = 263 - 8. Calculate the greatest common divisor of q and r.
51
Suppose 3*b = 30 + 39. Let d = 797 - 613. Calculate the greatest common factor of b and d.
23
Let f = 178 + -94. Let l = -54 + f. Calculate the highest common divisor of 18 and l.
6
Suppose 100 = 14*y - 19*y. Let d be 3/(-6)*y/2. Let p(x) = 31*x - 11. Let k be p(d). Calculate the highest common divisor of k and 18.
18
Let n = 615 - 589. What is the highest common factor of 598 and n?
26
Suppose -5*j + s = -589, -6*j + 584 = -j - 6*s. Calculate the greatest common divisor of j and 295.
59
Let c = -279 + 291. Calculate the greatest common divisor of c and 120.
12
Let p(r) = -5*r**2 - 3*r**2 + 17*r**2 - 2 - 2*r. Let d be p(-1). Calculate the greatest common divisor of d and 3.
3
Let o be 0 + (-2)/(-11) + (-1728)/(-176). Let p be (4/(-10))/(((-9)/o)/9). Calculate the greatest common divisor of 2 and p.
2
Let y(p) = 13 - 34*p + 7*p + 2. Let q be y(-5). What is the highest common factor of q and 30?
30
Suppose i - 103 = 3*k + 3*i, 5*k = -i - 167. Let j = k - -65. Calculate the greatest common divisor of j and 4.
4
Let z(j) = 2*j**2 - j - 6. Let h be z(4). Suppose -4*q = r - h, -5*r + 30 = q - 4. Let c = -21 - -33. Calculate the greatest common factor of c and r.
6
Let d = -2691 - -4155. What is the greatest common divisor of 24 and d?
24
Let y be 36/21*-21*(-9 + 7). Let f(u) = 8*u. Let p be f(1). What is the highest common factor of y and p?
8
Suppose 173*f - 182*f = -1134. Suppose -5*d + 5 = -5. Suppose 0 = -d*i + i + 18. What is the greatest common divisor of i and f?
18
Suppose 4*k - k + 3*f = 102, -k = 2*f - 35. Let n(u) = -u**3 + 5*u**2 + u + 6. Let j be n(5). Calculate the highest common divisor of k and j.
11
Suppose 8*o + 1199 - 6711 = 0. Calculate the highest common divisor of o and 13.
13
Let d be (1710/(-20))/(1/(-2)). Let p = -111 + d. Suppose 0*r = 3*r - 36. What is the greatest common divisor of p and r?
12
Let g(u) = 5*u**2 + 24*u + 16. Let k be g(-12). What is the highest common factor of 28 and k?
28
Suppose 4*a - 116 = 2*w, -5*w - 4*a - 117 = 103. Let v be (-11)/(2/w*2). Let i be -6*3/((-27)/v). What is the greatest common factor of i and 8?
8
Let c(k) = -2*k**3 - 2*k + 1. Let v be c(1). Let j be v/(-1) - 63/(-1). Calculate the greatest common factor of 33 and j.
33
Let l be (-64)/3*(-39)/13. Let t = 136 - 40. Calculate the greatest common divisor of t and l.
32
Suppose -4*k + 30 = -7*k. Let i be (0 - 6/(-5))*k. Let l = i - -25. What is the highest common factor of 117 and l?
13
Let v be 27/21 - (-4)/(-14). Let w = -89 - -94. Calculate the highest common divisor of v and w.
1
Suppose -16 = 4*h, -9*s = -7*s - 3*h - 466. What is the greatest common divisor of 1 and s?
1
Suppose -136 = 58*h - 75*h. Calculate the greatest common divisor of h and 11.
1
Let j = -2 + 38. Let f = -113 - -182. Let x be f/6 - (-2)/4. What is the highest common divisor of j and x?
12
Let p(n) = -6*n + 102. Let z be p(15). Calculate the greatest common divisor of 300 and z.
12
Let y = 84 - 29. Suppose 5*h - 33 = 4*j, 5*h = 2*j - 0*j + 29. What is the highest common divisor of h and y?
5
Let c(q) be the second derivative of -7*q**3/6 - 7*q**2 - 5*q. Let o be c(-4). Suppose 0 = -o*k + 10*k + 96. What is the greatest common divisor of k and 24?
24
Suppose -3*o - 11 - 1 = 0, 0 = 3*n - 5*o - 659. Let q = n - 131. Calculate the highest common factor of 205 and q.
41
Let n(y) = -13*y + 6. Let w = 6 + -9. Let k be n(w). Calculate the greatest common factor of 30 and k.
15
Let i(p) = -2*p**2 + 43*p - 35. Let q be i(20). Let f = 2806 - 1827. Suppose 304 = -3*d + f. What is the greatest common factor of q and d?
25
Let a be 50/(-4) - (-4)/(-8). Let r = a + 15. Suppose -3*x = r*x - 585. Calculate the greatest common divisor of x and 13.
13
Let j(d) = -d**3 - 6*d**2 - 2*d. Let b be j(-6). Let g be (-5)/(-2) + (-6)/b. Suppose -7*a + 120 = -g*a. Calculate the highest common factor of a and 36.
12
Suppose 3*h + 5*s - 3 = 0, -39 = 5*h - 3*s - 10. Let y be 3/h + 230/8. Let v be (392/10)/((-1)/(-5)). What is the greatest common factor of v and y?
28
Suppose -4*v + 54 = -86. Suppose v*a + 650 = 40*a. What is the highest common divisor of 10 and a?
10
Let q be (24/16)/(2/(-4)). Let g be (q - 0)*(-9 + 1). Suppose l + g = 4*l. What is the highest common divisor of l and 24?
8
Suppose -2*y + 5*h - 9 = -2, -h + 15 = 3*y. Suppose 17 = s + 3*k, -k = -4*s - y*k + 32. Suppose s*o + o = 384. What is the highest common factor of 16 and o?
16
Suppose -18 - 48 = -2*z + 2*t, 0 = 3*t - 9. Let y be (-12)/(-7) - 6/84*-4. Let k be y/7 - (-1826)/77. What is the highest common divisor of z and k?
12
Let i(k) = k + 1. Let s(r) = -2*r - 1. Let d(b) = 7*i(b) + 4*s(b). Let w be d(-5). Calculate the greatest common factor of 4 and w.
4
Suppose -15382*s = -15371*s - 99. Let m = 227 + -20. What is the greatest common divisor of s and m?
9
Let i = 118 + -116. Let z be i - (-5)/((-25)/(-190)). What is the highest common divisor of 440 and z?
40
Suppose -3*k + 317 = 5*x - 16, -4*x = -3*k - 261. Calculate the greatest common factor of x and 165.
33
Let h be (-371)/(-35) + (-8)/(-20). Let n(a) = -a**2 + 5*a + 2. Let t be n(6). Let l be (-12)/t*(-11)/(-3). Calculate the highest common factor of h and l.
11
Let c be -4*7/(-14) + 1704 + -1. What is the greatest common divisor of c and 310?
155
Let v be (1 - -1)/(2 - (1 + -1)). Let a be (1 - 11)/(-5)*2. What is the highest common divisor of v and a?
1
Let s be (-10 - (-308)/33)/(4/(-42)). Calculate the greatest common divisor of 791 and s.
7
Let f = 148 + -94. Let l(u) = u**3 + 2*u**2 + u - 3. Let i be l(-2). Let o be (-1)/(3/(-27)) + 15/i. What is the highest common factor of f and o?
6
Let x be (-36)/(-198) + 1052/22. Let r be 8 + 0/(-1) + -2. Calculate the highest common factor of r and x.
6
Suppose 6*s - 48 = 2*s. Suppose -96 = -275*y + 273*y. Calculate the greatest common divisor of s and y.
12
Let y be -2 + 278/1390*(-69 - 1)/(-2). Suppose -s + 82 = -2*b, -2*b + 5*b = -s + 77. What is the highest common divisor of s and y?
5
Let k be 1/1*1*-5. Let h(j) = 3*j**3 + 4*j**3 + 7 - 24*j**2 + 12*j - 8*j**3 + 27*j**2. Let c be h(k). Calculate the greatest common divisor of c and 21.
21
Let p = 1734 + -1729. What is the highest common divisor of 565 and p?
5
Let j(y) = y**3 + 6*y**2 + y - 2. Let n be j(-5). Let v be 12/396 - (-260)/132. What is the greatest common factor of v and n?
2
Let r be (0 - -1)/(12/72). Suppose r*u - 46 + 28 = 0. What is the greatest common factor of 33 and u?
3
Let l = -1 + 9. Suppose -40 - 8 = -4*h. What is the greatest common factor of h and l?
4
Let h be -42*((-44)/8 - -5). Let v(y) = -y**3 + 6*y**2 + 3*y + 5. Let a be v(4). Calculate the greatest common divisor of a and h.
7
Suppose -4 = -g - 2. Let w be (330/50)/((-24)/(-80)). What is the highest common divisor of w and g?
2
Let m(t) = 8*t - 23. Suppose -61*c - 12 = -65*c. Let b be m(c). What is the highest common factor of 7 and b?
1
Let d be (-3)/(-2) - 4/8. Let a(p) = -p - 1. Let m = 3 - 11. Let q be a(m). What is the greatest common divisor of q and d?
1
Let p = 16 - 5. Let f(t) = -t**2 + 14*t - 18. Let n be f(p). Cal